 90 and 162?
18
What is the highest common factor of 43 and 4945?
43
Calculate the highest common factor of 1362 and 9.
3
Calculate the highest common divisor of 32 and 4.
4
Calculate the greatest common divisor of 361 and 19.
19
Calculate the highest common factor of 38 and 4826.
38
Calculate the greatest common factor of 24 and 2748.
12
What is the greatest common divisor of 16 and 1024?
16
What is the greatest common divisor of 19 and 551?
19
Calculate the highest common factor of 88 and 136.
8
Calculate the highest common factor of 427 and 549.
61
What is the greatest common divisor of 33 and 113289?
33
What is the greatest common factor of 279 and 27?
9
Calculate the greatest common divisor of 961 and 124.
31
Calculate the highest common divisor of 54 and 12.
6
What is the greatest common divisor of 1078 and 9506?
98
Calculate the highest common factor of 14 and 1582.
14
Calculate the highest common divisor of 274 and 959.
137
Calculate the greatest common divisor of 14 and 126.
14
Calculate the greatest common factor of 11 and 462.
11
Calculate the highest common factor of 85 and 3077.
17
Calculate the greatest common factor of 2054 and 3.
1
Calculate the highest common divisor of 13464 and 2142.
306
Calculate the highest common divisor of 360 and 60.
60
Calculate the greatest common divisor of 29 and 26651.
29
Calculate the highest common factor of 1320 and 105.
15
Calculate the greatest common factor of 336 and 896.
112
What is the greatest common factor of 50 and 20750?
50
Calculate the greatest common factor of 1015 and 595.
35
What is the greatest common divisor of 664 and 64?
8
What is the highest common factor of 246 and 6?
6
What is the greatest common divisor of 532 and 84?
28
Calculate the greatest common factor of 52 and 42562.
26
Calculate the highest common factor of 154 and 44.
22
What is the greatest common factor of 777 and 814?
37
What is the greatest common factor of 884 and 52?
52
What is the greatest common factor of 316 and 395?
79
Calculate the greatest common factor of 225 and 25.
25
Calculate the greatest common factor of 540 and 1944.
108
What is the greatest common factor of 21 and 224?
7
Calculate the highest common divisor of 640 and 10.
10
What is the highest common factor of 35 and 182?
7
Calculate the greatest common factor of 1271 and 279.
31
What is the greatest common factor of 64 and 304?
16
What is the highest common divisor of 639 and 355?
71
What is the greatest common factor of 101033 and 71?
71
Calculate the greatest common factor of 18 and 93.
3
What is the greatest common divisor of 539 and 22?
11
Calculate the greatest common factor of 357 and 1428.
357
Calculate the highest common divisor of 1273 and 201.
67
Calculate the greatest common divisor of 17 and 204.
17
Calculate the highest common factor of 2600 and 39.
13
What is the greatest common divisor of 47 and 5123?
47
What is the highest common divisor of 4 and 452?
4
What is the highest common divisor of 7 and 448?
7
What is the greatest common factor of 1066 and 52?
26
What is the greatest common divisor of 11 and 18370?
11
Calculate the highest common divisor of 34 and 9758.
34
What is the greatest common factor of 403 and 13?
13
Calculate the greatest common divisor of 10925 and 38.
19
What is the greatest common factor of 8 and 200?
8
Calculate the highest common divisor of 153 and 4896.
153
What is the highest common factor of 55 and 7205?
55
Calculate the highest common factor of 475 and 38.
19
What is the greatest common factor of 312 and 3016?
104
What is the greatest common factor of 4932 and 324?
36
Calculate the greatest common factor of 1010 and 14342.
202
What is the highest common factor of 28 and 16?
4
Calculate the greatest common factor of 17307 and 54.
27
Calculate the greatest common factor of 128 and 16.
16
Calculate the highest common divisor of 26 and 6565.
13
Calculate the greatest common factor of 9 and 48.
3
Calculate the greatest common divisor of 128 and 776.
8
What is the greatest common divisor of 54 and 189?
27
Calculate the greatest common divisor of 40 and 410.
10
Calculate the greatest common factor of 3212 and 132.
44
What is the greatest common divisor of 125 and 2175?
25
Calculate the greatest common factor of 22693 and 11.
11
Calculate the highest common divisor of 1639 and 99.
11
Calculate the highest common divisor of 2353 and 104.
13
What is the highest common factor of 180 and 300?
60
What is the highest common divisor of 108 and 9576?
36
Calculate the greatest common factor of 16 and 32.
16
Calculate the greatest common divisor of 3741 and 928.
29
Calculate the greatest common factor of 42 and 6174.
42
Calculate the highest common divisor of 75 and 165.
15
Calculate the highest common factor of 15544 and 290.
58
Calculate the greatest common divisor of 104 and 13.
13
What is the highest common divisor of 2608 and 336?
16
Calculate the greatest common factor of 68 and 2788.
68
Calculate the greatest common divisor of 3878 and 56.
14
What is the highest common factor of 11873 and 31?
31
What is the highest common factor of 522 and 54?
18
What is the greatest common divisor of 3765 and 420?
15
Calculate the greatest common factor of 371 and 203.
7
What is the greatest common factor of 26 and 234?
26
Calculate the highest common factor of 212 and 477.
53
What is the highest common factor of 52 and 38636?
52
Calculate the highest common divisor of 19 and 5073.
19
Calculate the highest common factor of 31 and 31.
31
What is the greatest common factor of 80 and 368?
16
Calculate the highest common factor of 190 and 76.
38
What is the highest common divisor of 41 and 1107?
41
Calculate the greatest common factor of 403 and 91.
13
What is the highest common factor of 55 and 44?
11
Calculate the greatest common divisor of 843 and 3.
3
Calculate the highest common divisor of 288 and 128.
32
Calculate the highest common divisor of 12 and 2892.
12
Calculate the greatest common factor of 576 and 69408.
288
Calculate the highest common factor of 1633 and 69.
23
Calculate the highest common factor of 22 and 1826.
22
Calculate the highest common divisor of 2555 and 219.
73
Calculate the greatest common divisor of 5126 and 154.
22
Calculate the greatest common factor of 44 and 704.
44
Calculate the highest common factor of 143 and 806.
13
What is the greatest common divisor of 18 and 26?
2
What is the highest common factor of 770 and 21?
7
Calculate the highest common factor of 92 and 529.
23
What is the highest common factor of 48 and 368?
16
What is the greatest common divisor of 2796 and 54?
6
What is the highest common divisor of 18 and 513?
9
Calculate the greatest common factor of 40 and 860.
20
What is the greatest common divisor of 37 and 333?
37
Calculate the highest common factor of 39 and 213.
3
Calculate the highest common divisor of 117 and 39.
39
Calculate the greatest common divisor of 20 and 785.
5
Calculate the greatest common divisor of 246 and 1271.
41
What is the greatest common factor of 13 and 13325?
13
Calculate the greatest common divisor of 1534 and 118.
118
What is the highest common divisor of 30 and 915?
15
What is the greatest common factor of 1781 and 91?
13
What is the greatest common divisor of 1386 and 504?
126
Calculate the greatest common factor of 8822 and 44.
22
What is the greatest common factor of 44 and 726?
22
What is the highest common factor of 32 and 128?
32
Calculate the greatest common divisor of 209 and 11.
11
What is the greatest common factor of 15 and 1195?
5
What is the highest common factor of 488 and 183?
61
Calculate the highest common factor of 103 and 4223.
103
What is the highest common divisor of 7 and 15001?
7
Calculate the highest common divisor of 76 and 247.
19
Calculate the highest common factor of 10 and 24590.
10
Calculate the highest common factor of 190 and 30.
10
What is the greatest common divisor of 231 and 9625?
77
What is the highest common factor of 12 and 96?
12
What is the greatest common divisor of 52 and 728?
52
Calculate the greatest common divisor of 30 and 310.
10
Calculate the highest common factor of 438 and 6.
6
Calculate the highest common factor of 12 and 39.
3
Calculate the greatest common divisor of 4 and 88.
4
Calculate the g